n factor of b and 406.
7
Let z(t) = t**3 - 13*t**2 + 15*t + 4. Let h be z(12). Calculate the greatest common factor of 48 and h.
8
Let d be (-93)/(-6)*(2 - 4). Let v = d + 53. What is the highest common factor of v and 55?
11
Suppose 16*h = 118 + 2173 - 531. Let t = 38 + -16. What is the highest common divisor of h and t?
22
Let a(g) = g**3 + 12*g**2 - 5*g - 7. Let l be a(-12). Let o = l - 29. Let q be ((-330)/8)/((-9)/o). Calculate the highest common factor of q and 10.
10
Let v = -322 - -442. What is the highest common factor of v and 100?
20
Let r be (-3 - (-2 + 2)) + -14. Let s = r - -15. Let o be (-960)/(-44) - s/11. Calculate the highest common factor of o and 22.
22
Suppose -k + 25 + 47 = 0. Calculate the greatest common factor of k and 27.
9
Let h be (-74)/(-10) - (-5)/(-50)*-16. Suppose 4*y - 1333 = -361. What is the highest common divisor of y and h?
9
Let z be 10*4*(-20)/(-16). Let r = z + -36. Let j = -13 + r. Calculate the highest common divisor of j and 7.
1
Let h(f) = 2*f**2 + 8*f + 17. Let p be h(-5). What is the greatest common factor of 18 and p?
9
Let o be 24/16*16 + -3. What is the greatest common factor of o and 168?
21
Suppose -15*c + 1488 = 16*c. Suppose 2*s - 8 = -a + s, -3*s = 4*a - 30. What is the highest common factor of a and c?
6
Let y = 2 - -1. Suppose 0*t = -y*t + 660. Let q be t/14 + 8/28. What is the highest common divisor of 48 and q?
16
Let o = -2217 - -2227. Calculate the highest common factor of 215 and o.
5
Let n(g) = 31*g**2 + 10*g - 15. Let d be n(5). Suppose 38*u = 41*u - d. Calculate the greatest common factor of 30 and u.
30
Suppose -4*r = -5 - 3. Suppose 111*j = 71*j + 320. What is the highest common divisor of r and j?
2
Let a be 5/((0 - (-3 + 4)) + 2). Suppose -4*s = -a*d - 7*s + 46, 0 = -5*d + 2*s + 36. What is the highest common divisor of d and 12?
4
Let j be (0 - 14)*(-27)/(-18). Let g = 20 + -29. Let w = g - j. What is the highest common divisor of 36 and w?
12
Suppose 8*o - 383 = -31. Calculate the highest common divisor of o and 165.
11
Let i = -71 - -74. Suppose -2*q - 5*g + 167 = 0, i*g - 410 - 55 = -5*q. Calculate the highest common factor of 12 and q.
12
Let b = -2 - -2. Suppose b = 2*j - 0 - 6. Suppose 3*r - 7 = -3*g + 2, j*g + 5*r = 3. Calculate the highest common divisor of g and 12.
6
Let j = -2 - -2. Suppose 0 = 3*b - r - 56, -b + 0*r - 2*r + 14 = j. Let s = 2 + 0. What is the greatest common factor of s and b?
2
Let s be ((-2)/6)/((-3)/45). Suppose -3*c = 2*q - 24 + s, q - 7 = -c. Suppose 3*i + q*v = 160, 3*v - 71 + 20 = -i. What is the highest common factor of i and 6?
6
Suppose -3*h = 2*g - h - 12, 2*h = -g + 9. Suppose 29 = 4*p - g. Calculate the greatest common factor of p and 40.
8
Let z = -15 + 6. Let s = 54 + z. Let j = 21 + s. Calculate the highest common factor of 6 and j.
6
Let t = 22 - 15. Suppose 2*v + 4*p - 62 = 0, 0 = -2*p + t*p. Let n be (-2 + 1)/((-2)/124). What is the greatest common factor of n and v?
31
Let i(s) = -3*s + 74. Let q be i(-12). Calculate the greatest common divisor of q and 10.
10
Let g(c) be the first derivative of c**3/3 + 11*c**2/2 + 19*c + 3. Let y be g(-12). What is the highest common factor of 62 and y?
31
Let i(t) = 3*t - 1. Let l be i(-3). Let b = -12 - l. Let j(o) = -6*o + 2. Let p be j(b). What is the highest common divisor of 70 and p?
14
Suppose 5*s - 15 = -0*l + 4*l, -3*s - 4*l = -9. Suppose 25 = 5*t - x - s, -4*x - 32 = -4*t. Calculate the greatest common divisor of 40 and t.
5
Let y be (55/(-10))/(1/2). Let r = 23 + y. What is the greatest common divisor of 108 and r?
12
Suppose 11*r + 7 - 293 = 0. Calculate the greatest common divisor of r and 2.
2
Let i = -199 + 503. Let c be (7 + (6 - 12))*46 + -8. Calculate the greatest common factor of c and i.
38
Suppose -2*c + 360 = 3*c. Suppose z + 6*y = y + 24, 3*z - 4*y = c. Suppose 1 = 5*g - z, -5*g + 30 = 5*w. Calculate the highest common factor of w and 1.
1
Suppose 12*w + 6 = 13*w. Let s = -130 - -10. Let t = -72 - s. Calculate the greatest common factor of w and t.
6
Let i(y) = y + 16. Let n be i(-13). Suppose 0*j + 4*j - q = 8, 4*j = -n*q + 24. Suppose u - 24 = -j*u. What is the highest common divisor of u and 6?
6
Let p be 1140/22 + (-4)/(-22) - 1. Let q = p + -24. What is the greatest common divisor of q and 3?
3
Let k = 136 + -132. Let a = 19 + k. Calculate the highest common factor of a and 23.
23
Suppose 4*h + 0*h - 187 = -3*o, 3*h - 5*o = 133. Let f = -22 + h. Calculate the highest common factor of 96 and f.
24
Let z = -298 + 378. What is the greatest common divisor of 340 and z?
20
Let n = 156 - 76. Let g = -2381 - -2391. What is the highest common factor of n and g?
10
Suppose c + 3*c - 868 = 0. Let t = -142 + c. Calculate the highest common factor of 30 and t.
15
Let z = 0 + 2. Let v(r) = -43*r + 174. Let o be v(4). What is the greatest common factor of z and o?
2
Suppose -40*u + 140 = -38*u. What is the highest common factor of u and 224?
14
Let l be ((63/(-4))/(-1))/(1275/17000). What is the highest common divisor of l and 294?
42
Let i be (-8)/7*14/(-4). Suppose 125 + 178 = 4*z + 5*h, -i*z = -h - 309. Calculate the greatest common divisor of z and 7.
7
Let l(a) = -a**2 - 40*a - 207. Let i be l(-30). What is the greatest common divisor of 217 and i?
31
Suppose 2*k + 34 = -0*p + 4*p, -39 = -4*p - 3*k. Let m be (43/(-9) - -5) + 502/p. What is the highest common factor of 14 and m?
14
Suppose -97*p = -68*p - 6728. What is the highest common factor of 87 and p?
29
Suppose -769*j = -767*j - 2. What is the highest common divisor of j and 53?
1
Let i be (2 - (-141)/9)/((-1)/(-3)). What is the highest common divisor of 424 and i?
53
Let n be ((-280)/(-7))/(3 - 1). Suppose n*z + 160 = 24*z. What is the greatest common factor of z and 440?
40
Let o be (-10)/((1/14)/(-1)). Suppose 4*c = 5*u - 108, 0 = u - c - 15 - 7. What is the greatest common divisor of o and u?
20
Let w = 211 + -148. Calculate the greatest common factor of 819 and w.
63
Suppose 2*v = 3*a + 47, -a - a + 64 = 3*v. Let q(c) = c**3 - 4*c**2 - 3*c - 21. Let s be q(6). What is the greatest common factor of v and s?
11
Let i be 3 + ((-2)/(-3) - 176/(-24)). Calculate the greatest common factor of 297 and i.
11
Suppose 0 = -2*o + 2*g + 2*g + 20, -3*o + 4*g = -32. Calculate the greatest common factor of 708 and o.
12
Let r = -78 - -309. Calculate the greatest common factor of r and 21.
21
Suppose 15*g + 246 = -69. Let f = g + 24. What is the highest common factor of 3 and f?
3
Let g = -340 - -535. Calculate the greatest common factor of 75 and g.
15
Let m(b) = b + 13. Let z be m(-7). Let r be ((-2)/z)/(4701/(-783) + 6). Calculate the highest common factor of r and 58.
29
Suppose -2*o + 9 = -5*o. Suppose 3*v + 37 = -2*n, 0 = -6*v + 2*v - n - 56. Let i be (-290)/v - 2/o. Calculate the highest common divisor of 4 and i.
4
Let q be 2164/30 + ((-98)/(-105))/(-7). Calculate the highest common divisor of 40 and q.
8
Let d = 116 - -136. What is the highest common divisor of d and 189?
63
Suppose -10*b + 5*b = -20, 2*i = -5*b + 236. What is the greatest common factor of 81 and i?
27
Let j be (-1 - 12)/((-59)/590). Calculate the greatest common divisor of j and 468.
26
Suppose 0 = -2*r - 3*x + 29 - 1, -4*x = 4*r - 48. Suppose 15*m = r*m + 1596. Calculate the highest common divisor of m and 57.
57
Let k(l) = -2*l - 2. Let s be k(-25). Calculate the highest common factor of s and 112.
16
Let i(v) = -v**3 + 11*v**2 + 80. Let p be i(10). What is the highest common divisor of p and 8?
4
Suppose k + k = 5*u - 272, 204 = 4*u - 5*k. Suppose 0 = -5*v - 20, 2*z - u = v + 58. Calculate the highest common factor of z and 22.
11
Let x = -224 + 314. Suppose 5*m = -5*q + 90, m + x = q + 4*q. Suppose -3*v + 48 = 3*p, 4*p - v - 57 = -13. Calculate the greatest common divisor of p and q.
6
Let k = -862 - -1466. Let n = 11 - 17. Let g be k/36 - n/27. What is the highest common factor of g and 119?
17
Let o be -3*1/(-2)*(-4 + 6). Suppose -10*s + 11*s - o = 0. Calculate the greatest common factor of 33 and s.
3
Let p(b) = -411*b + 17. Let q be p(-1). Calculate the highest common factor of q and 4.
4
Suppose 2*g = -g + 18. Let m(t) = -t**3 + 8*t**2 + 6*t - 3. Let c be m(g). Calculate the greatest common factor of c and 21.
21
Suppose -18*s + 63 = -9*s.